*2 + 2. Give r(p).
-2
Let y(m) = m. Let j be (-6)/(-21) + (-24)/(-14). Let n(x) = -x - 5. Let o(f) = j*y(f) + n(f). Suppose 4*v - 16 = 5*t, -2*v + 0*t + 8 = 2*t. Determine o(v).
-1
Suppose -4*w = -3*o + 8, -2*w - 2*o + 6 = -6*o. Let c(v) be the first derivative of 38 + 1/2*v**2 + 2*v. Give c(w).
-3
Suppose -8*z - 43 = -12*z - c, -3*c = 5*z - 45. Let t(b) = -b**3 + 13*b**2 - 14*b + 14. What is t(z)?
-10
Let b(k) = -2 + 0*k**2 + 3*k**2 + 0*k**2 - k + 1. Give b(-1).
3
Let x(j) = -j**3 + j - 2. Let g = 83 + -81. Determine x(g).
-8
Let n(k) = -3*k - 3. Let r be n(0). Let t(h) = -1318*h - 1315*h + 2634*h - 3. What is t(r)?
-6
Let b(z) = 5 + 31 + 10 + 9*z - 9. Let y(n) = -3*n - 13. Let l(f) = -6*b(f) - 17*y(f). Give l(2).
-7
Let c(a) be the first derivative of -10 + 1/2*a**2 + 2*a. Give c(-3).
-1
Let z = 372 - 367. Let g(t) = t**3 - 5*t**2 - t - 2. Give g(z).
-7
Let l(k) = 3*k - 3. Let w be l(2). Suppose -541*n - 9 = -544*n. Let r(d) = d**n + d + 22*d**2 + 4 + d - 27*d**2 - 2*d**w. Give r(-5).
-6
Let a(n) = 5*n + 2. Let x(l) = -6*l - 1. Let r(u) = -u**2 + 5*u - 8. Let p be r(6). Let w be 33/7 - p/49. Let g(v) = w*a(v) + 4*x(v). Give g(-6).
0
Let x(s) = -s**2 - 10*s + 2. Let z be x(-10). Let l(o) = 0 + 3*o - z + o + 5 - o**2. Give l(5).
-2
Suppose -2*c + 3*v = 5*v + 10, -c + 2*v = -10. Let f(p) = 39 + 5*p - 40 - 4*p. Calculate f(c).
-1
Suppose -3*v + 28 = -4*k, 0*v = 3*v - 2*k - 26. Suppose 0*u - 2*u - v = 0. Let f(n) be the first derivative of n**2/2 + 7*n + 17. Calculate f(u).
3
Let v(x) = x**3 + 6*x**2 - x - 1. Let o(l) = 4*l + 22 - 2*l - 3*l. Let z be o(17). Suppose -1 = 5*a - 5*y + 9, -8 = -2*a + z*y. Calculate v(a).
5
Let p(l) = l**2 + 10*l + 8. Let i(s) = 21*s + 369. Let w be i(-18). Calculate p(w).
-1
Let j(v) = 16*v - 13*v + 2*v**2 - 10 + 11. Suppose -3*h = -5*p + 34 - 6, 2*h - 23 = -5*p. Suppose 12 = -4*w + u, -17 = p*w - 5*u + 13. What is j(w)?
3
Let t(n) = 12*n**2 - n + 1. Let u(c) = -c**3 - 22*c**2 - 16*c + 103. Let w be u(-21). Calculate t(w).
51
Let f be -3*(-1)/1 + (22 - 19). Let a(g) = 6*g - 2. Calculate a(f).
34
Let r(p) = -2*p**3 - 17*p**2 - 12*p - 31. Let u be r(-8). Let j(c) = 8*c - 6*c + 1 + 12*c. Calculate j(u).
15
Let i(l) be the third derivative of -2/3*l**3 - 1/120*l**6 + 0*l + 1/20*l**5 + 0 + 1/6*l**4 - 2*l**2. Let v = -3 + 6. Give i(v).
8
Let y(w) = 22*w**2 - 2 - 5*w**2 - 7*w**2 - 9*w**2. Determine y(3).
7
Let l(m) be the third derivative of m**4/24 - m**3/3 - m**2. Let i be 14/(-4 - (0 - 2)). Let z = -1 - i. What is l(z)?
4
Suppose 3*j + 2*j + 4*u = 6, -5*j + u + 11 = 0. Let m(c) = 44 + 45 + 6*c + 9*c**j - c**3 - 4*c**2 - 96. Let z = -11 - -17. Give m(z).
-7
Let z(d) = 3*d + 2*d - 10 - 7*d + 8 + 21. Determine z(11).
-3
Suppose 5*b - 24 = 26. Let a(i) = i**3 - 10*i**2 + 2. Let o be a(b). Suppose -3*t = -3*r + 12, -r + 4 = o*t - 3. Let m(u) = 2*u - 5. Calculate m(r).
5
Let x be -1 + 1 - (10 - -4). Let h = -25 - x. Let l = -16 - h. Let v(g) = g**2 + 6*g + 5. Determine v(l).
0
Let q(r) = -4*r**2 + 4*r + 15. Let j(l) = 3*l**2 - 3*l - 15. Let w(x) = -3*j(x) - 2*q(x). Let c(g) be the first derivative of w(g). Calculate c(-1).
3
Let h(t) = 7*t**3 - 17*t**2 + 21*t + 18. Let d(i) = -15*i**3 + 34*i**2 - 43*i - 37. Let a(q) = -6*d(q) - 13*h(q). Give a(16).
4
Let s(x) = x - 5. Let j be s(10). Let o(d) = -d + 4. What is o(j)?
-1
Suppose 0*f + 5 = 5*f. Let l(s) be the third derivative of 2*s**5/15 - s**3/6 + 38*s**2. Determine l(f).
7
Let g = -440 + 444. Let i(z) = -2*z**2 + 7*z. Give i(g).
-4
Let b(n) = n**2 + 7*n - 5. Let v(f) = f**3 + 8*f**2 + 7*f + 3. Let q be v(-7). Suppose 5*k + 52 = q*w, -4*k = -2*k + 3*w + 4. Calculate b(k).
3
Let z(d) be the first derivative of 13*d**3/3 + d**2 + d - 168. Determine z(-1).
12
Let u(b) = b - 2 + 0*b - 8. Let p be (32/8)/2 + 8. Give u(p).
0
Let m(r) = 9*r - 50. Let z be m(6). Let q(v) = -30 + 29 + 0 - z*v. What is q(-1)?
3
Let x(j) be the second derivative of j**3/2 - 95*j**2/2 + 331*j. What is x(31)?
-2
Let g = 1183 + -1186. Let p(d) = 6*d**2 + 19*d + 3. What is p(g)?
0
Let b = -15 + 2. Let n = b - -11. Let k(a) = -1 + 4*a**2 + 2 + a**3 - 3*a**2 + 2*a. What is k(n)?
-7
Suppose 3*a = -4*h - 1, 7*h - 2*h + 9 = 4*a. Let z(y) = -2*y**2 + 2*y + 6. Let t(k) = k**2 - k. Let g(x) = a*z(x) + 3*t(x). What is g(0)?
6
Let p(y) = 4*y + 8. Let z(t) = -t - 3. Let q(s) = -4*p(s) - 11*z(s). Let n = -1684 + 1688. What is q(n)?
-19
Let b(q) be the first derivative of q**3/6 + 3*q**2/2 - 7*q - 12. Let j(v) be the first derivative of b(v). What is j(3)?
6
Let n(b) = 3*b - 1. Let o be (-136)/(-10)*((-46)/(-4) - 4). Let x be (2/(-3))/((-17)/o). What is n(x)?
11
Let l(y) be the third derivative of 0*y + 0 - 12*y**2 - 1/12*y**4 + 1/2*y**3 + 1/60*y**5. Suppose -3*c - 15 = -4*v, 9 - 2 = v - 4*c. What is l(v)?
6
Let j(o) = o**3 + 2*o**2 - 1. Let f be -4 + 112/12 + 2/(-6). Suppose -f*c - 14 = -4*t, 2*c + 4*t + 1 = t. Determine j(c).
-1
Let n(p) be the third derivative of 0 + 2/3*p**3 + 1/24*p**4 - 12*p**2 + 0*p + 1/60*p**5. Calculate n(-3).
10
Suppose c = 33*c + 160. Let p(z) = 5*z + 1. What is p(c)?
-24
Let q(u) be the first derivative of 1/3*u**3 - 1/2*u**2 + 2*u + 1. Suppose -4*w - 5*c = -2*c + 6, -2*w - 2*c - 4 = 0. What is q(w)?
2
Let l(h) be the second derivative of 17*h**3/6 + 45*h**2/2 - 13*h. Let u(a) = 4*a + 11. Let y(w) = -2*l(w) + 9*u(w). What is y(-7)?
-5
Let a(i) = i**2 + 3*i - 3. Let g be a(-3). Let q(v) be the second derivative of -v**3/2 - v**2 - 6*v + 6. Give q(g).
7
Let q(g) = 2*g**2 + 3*g - 2. Let y be q(1). Let l(x) = 7*x - 4*x**2 + y*x**3 + 11*x**3 - 15*x**3. Determine l(-6).
30
Let r be 1/4 + 57/12. Suppose -2*l = 3*l + r. Let m(n) = -16*n**3 - n**2 - 2*n - 1. Determine m(l).
16
Suppose 0 = 5*p + 2*b - 28, -p + 7 = -5*b - 4. Let n(k) = p*k**2 - 4*k**2 - k**3 + 2*k**2. What is n(2)?
8
Let u(z) = z + 7. Let y be u(-6). Let o be y/(4/(-20))*2. Let x = o - -8. Let n(h) = -h**3 - 2*h**2 - 2. Determine n(x).
-2
Let a = 17 + -12. Suppose 0 = -5*j - a*k - 40, j = -k - 4*k - 16. Let v(i) = i**2. Let m(w) = 6*w + 8. Let r(p) = -m(p) - v(p). Determine r(j).
-8
Suppose -5 = j - s, -16 = 2*j + 15*s - 11*s. Let g be ((-12)/3 + 1)/1. Let f(c) = 3*c - 2. Let y(d) = 4*d - 3. Let m(v) = g*f(v) + 2*y(v). Give m(j).
6
Let k(t) = 17*t**3 + 3*t + 1. Let j(w) = 19*w**3 + 3*w. Let x(h) = 3*j(h) - 2*k(h). Calculate x(1).
24
Suppose -2*w = -4*w + 10, -b - 10 = -3*w. Let c(z) = 11 - z - 3*z + b*z + z**2. Calculate c(0).
11
Let q(n) = -1 + n**2 - 2 + 8*n + 4*n. Let b be q(-12). Let a(s) = -s**2 - 3*s + 3. What is a(b)?
3
Let o(l) = 2*l + 1 + l + 2*l - 4*l + l**2. Suppose 2*z + 7 = g, 39 - 37 = -z. What is o(g)?
13
Let c(g) = -10*g + 64. Let i be c(6). Let b(z) = z**2 - 9*z - 3. Determine b(i).
-23
Suppose 0 = 9*b - 8*b - 4*d - 8, 0 = -2*b - d + 25. Let s(j) = -j**2 + 8*j + 8. Determine s(b).
-40
Let l(c) = -16*c - 168. Let v be l(-11). Let j(a) = 3*a**2 + 12*a + 5. Let p(m) = -2*m**2 - 6*m - 2. Let r(f) = -3*j(f) - 5*p(f). Calculate r(v).
11
Let w(r) = -r - 6. Let h(t) = -5. Let i(b) = 5*h(b) - 4*w(b). Suppose 5*v - 23 = -28. Calculate i(v).
-5
Let n(f) be the second derivative of -f**3/6 - 2*f**2 + 303*f. What is n(-4)?
0
Let f(q) = q**3 - 11*q**2 + q - 7. Let j = 232 + -221. Give f(j).
4
Let w(l) = -2*l - 10. Suppose i + 62 = 54. Give w(i).
6
Let v(z) = -z**3 - 4*z**2 - 4*z + 1. Suppose -283*a + 36 = -292*a. Give v(a).
17
Let m(p) = -3*p - 334 + p + 166 + 157. Determine m(-6).
1
Let d be 4/(-14) - (-38)/(-14). Let q be d/(-9) - 40/(-6). Let k(b) = -4 - 3*b + q + 2. What is k(4)?
-7
Let s(t) = -79*t + 23. Let d(o) = 20*o - 5. Let c(b) = -9*d(b) - 2*s(b). What is c(2)?
-45
Let h(c) = 7*c**2 - c. Let q be 2 + (-11)/11 + 0. Give h(q).
6
Let n(m) = 11*m + 25. Let q(t) = 6*t + 11. Let z(u) = -2*n(u) + 5*q(u). Calculate z(-2).
-11
Let a(h) be the second derivative of -h**5/20 - 3*h**4/4 + 3*h**3/2 - 11*h**2/2 - 3*h + 3. Let l be -14 - (-4 + 3 - 3). Determine a(l).
-1
Let n(v) be the third derivative of -v**4/6 - v**3 - 120*v**2 - 3*v. What is n(-5)?
14
Let h(r) be the second derivative of -r**5/20 + r**4/3 - r**3/3 - r**2/2 - r. Suppose -823*y = -820*y - 6. Calculate h(y).
3
Let p(x) be the second derivative of 0 - 49*x + 2/3*x**3 - 1/20*x**5 + 5/2*x**2 + 5/12*x**4. Let f be (3 - 1)*(-3)/(-1). What is p(f)?
-7
Let g(a) = -3*a - 1.